c = 275 + -266. What is the greatest common divisor of k and c?
9
Suppose -2*c = 8*c - 30. Let d be ((2 - 3) + c)*2. Calculate the greatest common divisor of 4 and d.
4
Let p(y) = -y**3 + 8*y**2 + 2*y - 13. Let i be p(8). Let u(n) = -n**3 - n**2 - 4*n - 3. Let q be u(-3). What is the greatest common factor of i and q?
3
Let q = 37 - -35. Let p = -46 + q. What is the highest common factor of p and 39?
13
Suppose -4*n + 5*n - 7 = 0. Let t(s) = 2*s - 6. Let i(d) = 4*d - 13. Let z(m) = -2*i(m) + 5*t(m). Let b be z(n). What is the highest common factor of b and 70?
10
Suppose 16*g - 5*g = 44. Let n(a) = -a + 10. Let h = 6 - 6. Let i be n(h). What is the greatest common factor of g and i?
2
Let f = -457 + 499. What is the highest common factor of 126 and f?
42
Let y(f) = -4*f**3 - 3*f - 5. Suppose -2*c = 4*n + 16, n + 6 = 2*n - 2*c. Let s be y(n). What is the highest common divisor of 11 and s?
11
Suppose -149 = -4*j - a + 6*a, -3*j + 78 = 3*a. Suppose -j - 65 = -4*w. Calculate the highest common factor of w and 32.
8
Suppose 171 = 5*p + j, 33 = 2*p - 4*j - 53. What is the highest common divisor of p and 1855?
35
Let h(a) = -10*a**3 - 30*a**2 - 2*a - 4. Let j be h(-3). What is the greatest common divisor of j and 342?
2
Let d be -10*6/(-17 + 11). Suppose -4*o - 94 = -414. Calculate the greatest common factor of d and o.
10
Let q(z) = 27*z**2 + 12. Let o be q(2). Calculate the highest common factor of 320 and o.
40
Let s = -499 + 963. What is the greatest common divisor of 58 and s?
58
Let m be 0*2/(-14) + (1 - -54). What is the greatest common divisor of 11 and m?
11
Suppose 5*i + 2*p - 244 = 0, 3*p = i - 23 - 36. Let x = -35 + i. Suppose 17*m - x*m - 20 = 0. What is the greatest common factor of 20 and m?
10
Let i be (236/3)/(402/603). Calculate the greatest common divisor of 590 and i.
118
Let v be (-1 + -13)/(10/(-10)). Let m = v + -12. What is the greatest common factor of m and 14?
2
Suppose 9*f - 12 = 5*f. Suppose 5*k - f*m - 1443 = 0, 4*k + 5*m - 859 = k. Calculate the greatest common factor of k and 32.
32
Let h = -433 - -565. What is the greatest common divisor of 2 and h?
2
Let g(c) = 141*c**2 + 49*c - 144. Let i be g(3). What is the greatest common divisor of i and 48?
24
Suppose -51*f + 46*f + 10 = 0. Let y(m) = -5 - m + 6*m + 9*m. Let g be y(f). Calculate the greatest common divisor of 23 and g.
23
Let x be (4/6)/(3/18). Suppose -x = j - 3*j. Let n = j + 4. What is the greatest common factor of n and 2?
2
Let y = 0 - 0. Suppose 2*i - 69 + 15 = y. What is the highest common divisor of i and 3?
3
Suppose 2*b + 3*g = 164, -2*g = 3*b + 3*g - 248. Let i = 115 + -77. Let o be ((-10)/15 + (-7)/(-6))*i. What is the highest common divisor of b and o?
19
Suppose -20*s = -8*s - 468. Calculate the greatest common factor of s and 624.
39
Suppose -41*r + 276 = -18*r. Let k = 171 + -310. Let l = 199 + k. Calculate the highest common factor of r and l.
12
Let x = 17 - 1. Suppose b + 40 = 3*v, -b = 3*v - 4*b - 48. Let p be (-2 + -2 + v)*8. Calculate the greatest common divisor of p and x.
16
Suppose 0 = -23*t + 77 + 84. Let g(z) = z**3 - 6*z**2 + 5*z. Let u be g(5). Suppose 0 = -u*j - 2*j + 28. What is the greatest common divisor of t and j?
7
Let m = -1127 - -2180. What is the highest common divisor of 81 and m?
81
Let i be 35/315 + 1709/9. What is the greatest common factor of i and 38?
38
Suppose -5*h - i + 26 - 6 = 0, 0 = -3*i - 15. Let p be (-2)/4*(-3 - (-8 + 7)). Calculate the greatest common factor of h and p.
1
Let k be (-2)/1 - (-11 + 3/(-1)). Let s be 984/40 - (-6)/(-10). What is the greatest common divisor of s and k?
12
Let b(l) = -2*l**2 + 11*l + 32. Let t(k) = -10*k**2 + 43*k + 129. Let z(d) = 9*b(d) - 2*t(d). Let j be z(-9). What is the highest common factor of j and 15?
15
Let c be (-21189)/(-168) - (-1)/(-8). What is the highest common factor of 98 and c?
14
Let t(h) = -280*h**3 + 5*h**2 + 3*h - 2. Let k be t(-1). What is the highest common factor of k and 30?
10
Suppose 2*y - 14 = -2*u, u - 9 - 18 = -5*y. Let i = 9 - y. Suppose 119*f - 112*f - 308 = 0. Calculate the greatest common factor of i and f.
4
Let x = 31 + -17. Suppose 5*g + 2 - 1 = -3*d, 4*g = 5*d + x. Let y(i) = 10*i - 3. Let t be y(g). What is the greatest common factor of t and 14?
7
Let h be 5 + (-7 - -3) + 3. Let g be (165/(-6))/(-4 + 14/h). What is the highest common factor of 33 and g?
11
Suppose -40 = -o - 2. Let u = -35 + o. Suppose -u*b + 7 = 4. Calculate the greatest common factor of 4 and b.
1
Let c(k) = -k**3 - 19*k**2 - k - 17. Let q be c(-19). Let n(a) = -38*a. Let y be n(-1). Suppose -64 = -q*b + y. What is the greatest common divisor of b and 34?
17
Suppose x = -4*j + 17, -8*x + 4*x = -4*j + 12. Suppose -2*b - j*k = -k - 195, 398 = 4*b - 2*k. What is the highest common divisor of b and 9?
9
Suppose -12 = -3*f + 5*f. Let t = f + 12. Let j = t - -1. What is the greatest common factor of j and 70?
7
Let k(u) = 4*u. Let j be k(3). What is the greatest common divisor of 28 and j?
4
Let j = -29 + 50. Suppose 3*x + o = 4*x - 16, 25 = 5*o. Let a = 63 - x. Calculate the highest common factor of a and j.
21
Suppose -j + 7 = 4. Suppose j*k - 1 = 8. Let z = -42 + 63. Calculate the greatest common divisor of k and z.
3
Suppose -3*i + i = -20. Let c = -7 + i. Suppose f - 1 = c. Calculate the greatest common divisor of 36 and f.
4
Let b(c) = 13*c + 1. Let t be b(1). Let j = -60 - -66. Let z = j + t. Calculate the greatest common factor of z and 4.
4
Let v be ((-84)/(-126))/(1 + (-19)/21). Suppose 0*l = l - 5. Suppose -5*q = -20, -l*q = 3*o + 39 - 227. Calculate the highest common factor of v and o.
7
Let n be ((-260)/(-25))/(-1 - (-37)/35). Calculate the greatest common divisor of 338 and n.
26
Suppose 4*a = -26 + 142. Suppose a*h = 28*h + 660. What is the highest common factor of 60 and h?
60
Let t = 7 + 4. Let x = t + -8. Suppose -x*j + c + 133 = 6*c, 0 = -5*j + c + 231. Calculate the highest common factor of 115 and j.
23
Suppose 95*a - 2720 - 700 = 0. What is the greatest common divisor of a and 88?
4
Suppose 2*s - 44 = 8*k - 9*k, -4*s + k = -76. Calculate the highest common divisor of s and 970.
10
Let b = -593 - -594. Let v(l) = -l**3 + 3*l**2 + 5*l - 3. Let t be v(4). Calculate the greatest common factor of t and b.
1
Suppose 3*v - 22 = 14. Suppose 0 = -2*r - 7 + 15. Suppose 2*b - r*s - 28 = -3*b, 3*b = -s + 10. Calculate the greatest common divisor of b and v.
4
Let r be (-6)/(-2 + (-12)/(-9)). Suppose 2*t = 2*s + s + 27, -83 = -3*t - 4*s. What is the highest common factor of r and t?
3
Let w(i) = -9*i - 6. Let k be w(4). Let d = k + 102. Let p(t) = 3*t**2 - 3*t - 3. Let n be p(3). What is the greatest common factor of n and d?
15
Suppose 3*o + 12 = 0, -2*k + k = -2*o - 116. Suppose 0 = 2*x, -3*h - 12*x = -8*x - k. What is the greatest common factor of 288 and h?
36
Suppose 4*x = -4*v + 112, 2*v + 5*x - 23 - 27 = 0. Suppose -3*i + 98 = -52. What is the greatest common divisor of i and v?
10
Suppose 0 = 9*z + 16 - 124. Calculate the greatest common divisor of 204 and z.
12
Let k = 233 + -83. Suppose 6*y - 11*y = -k. What is the greatest common factor of y and 6?
6
Let q(w) = 3*w**2 - 12*w - 5. Let v be q(5). Suppose -84 = -v*m + 3*m. Calculate the highest common divisor of m and 8.
4
Suppose 69*j - 64*j = -20, -n - 2*j = -721. What is the highest common factor of 36 and n?
9
Let x = -254 + 380. What is the highest common factor of 56 and x?
14
Suppose -29 = 19*s - 21*s + p, -5 = p. What is the highest common factor of 28 and s?
4
Let w(q) = -3*q - 10. Suppose 21*k - 27*k - 54 = 0. Let y be w(k). Suppose -4*l + 320 = 5*x - 0*l, 5*l + 25 = 0. What is the highest common divisor of x and y?
17
Let x be 12 + 0/(2 + -3). Let d be (-2)/5 - ((-3)/(-5) - 1). Suppose -4*u = d, 0*h - 4*u + 300 = 5*h. What is the highest common factor of x and h?
12
Suppose 1341*o - 1333*o - 24448 = 0. Calculate the highest common factor of 16 and o.
16
Let f be (12/4 + -5)*-26. Suppose 3*k + f + 29 = 0. Let t = 1 - k. What is the greatest common factor of 70 and t?
14
Let u(y) = -7 + y - 1 - 7*y + 3*y. Let j be u(-8). What is the greatest common divisor of j and 48?
16
Suppose -5*g + c + 516 = 0, -14*g - 3*c = -17*g + 300. Calculate the greatest common divisor of 16 and g.
8
Let q be (-4)/